{"id":4346,"date":"2025-08-20T15:36:27","date_gmt":"2025-08-20T18:36:27","guid":{"rendered":"https:\/\/potenciacontabil.com\/?page_id=4346"},"modified":"2025-08-20T15:56:40","modified_gmt":"2025-08-20T18:56:40","slug":"dev-domain-francisco-proxy-www-inicio","status":"publish","type":"page","link":"https:\/\/potenciacontabil.com\/bkp-word5569895254587\/pcwp\/dev-domain-francisco-proxy-www-inicio\/","title":{"rendered":"Inicio"},"content":{"rendered":"\t\t<div data-elementor-type=\"wp-page\" data-elementor-id=\"4346\" class=\"elementor elementor-4346\" data-elementor-post-type=\"page\">\n\t\t\t\t<div class=\"has_eae_slider elementor-element elementor-element-8f871cd e-flex e-con-boxed e-con e-parent\" data-eae-slider=\"34344\" data-id=\"8f871cd\" data-element_type=\"container\" data-settings=\"{&quot;background_background&quot;:&quot;gradient&quot;}\">\n\t\t\t\t\t<div class=\"e-con-inner\">\n\t\t<div class=\"has_eae_slider elementor-element elementor-element-9f4782b e-con-full e-flex e-con e-child\" data-eae-slider=\"92814\" data-id=\"9f4782b\" data-element_type=\"container\">\n\t\t\t\t<div class=\"elementor-element elementor-element-dc931db elementor-widget elementor-widget-heading\" data-id=\"dc931db\" data-element_type=\"widget\" data-widget_type=\"heading.default\">\n\t\t\t\t<div class=\"elementor-widget-container\">\n\t\t\t\t\t<h1 class=\"elementor-heading-title elementor-size-default\">Essa p\u00e1gina est\u00e1 em constru\u00e7\u00e3o.<\/h1>\t\t\t\t<\/div>\n\t\t\t\t<\/div>\n\t\t\t\t<\/div>\n\t\t<div class=\"has_eae_slider elementor-element elementor-element-7b1bb5f e-con-full e-flex e-con e-child\" data-eae-slider=\"97674\" data-id=\"7b1bb5f\" data-element_type=\"container\" data-settings=\"{&quot;background_background&quot;:&quot;classic&quot;}\">\n\t\t\t\t<div class=\"elementor-element elementor-element-c8d9ce1 elementor-widget elementor-widget-image\" data-id=\"c8d9ce1\" data-element_type=\"widget\" data-widget_type=\"image.default\">\n\t\t\t\t<div class=\"elementor-widget-container\">\n\t\t\t\t\t\t\t\t\t\t\t\t\t\t\t<img fetchpriority=\"high\" decoding=\"async\" width=\"600\" height=\"245\" src=\"https:\/\/potenciacontabil.com\/bkp-word5569895254587\/pcwp\/wp-content\/uploads\/2025\/08\/image.gif\" class=\"attachment-large size-large wp-image-4352\" alt=\"\" \/>\t\t\t\t\t\t\t\t\t\t\t\t\t\t\t<\/div>\n\t\t\t\t<\/div>\n\t\t\t\t<\/div>\n\t\t\t\t\t<\/div>\n\t\t\t\t<\/div>\n\t\t\t\t<\/div>\n\t\t","protected":false},"excerpt":{"rendered":"<p>Essa p\u00e1gina est\u00e1 em constru\u00e7\u00e3o.<\/p>\n","protected":false},"author":1,"featured_media":0,"parent":0,"menu_order":0,"comment_status":"closed","ping_status":"closed","template":"elementor_canvas","meta":{"footnotes":""},"class_list":["post-4346","page","type-page","status-publish","hentry"],"_links":{"self":[{"href":"https:\/\/potenciacontabil.com\/bkp-word5569895254587\/pcwp\/wp-json\/wp\/v2\/pages\/4346","targetHints":{"allow":["GET"]}}],"collection":[{"href":"https:\/\/potenciacontabil.com\/bkp-word5569895254587\/pcwp\/wp-json\/wp\/v2\/pages"}],"about":[{"href":"https:\/\/potenciacontabil.com\/bkp-word5569895254587\/pcwp\/wp-json\/wp\/v2\/types\/page"}],"author":[{"embeddable":true,"href":"https:\/\/potenciacontabil.com\/bkp-word5569895254587\/pcwp\/wp-json\/wp\/v2\/users\/1"}],"replies":[{"embeddable":true,"href":"https:\/\/potenciacontabil.com\/bkp-word5569895254587\/pcwp\/wp-json\/wp\/v2\/comments?post=4346"}],"version-history":[{"count":0,"href":"https:\/\/potenciacontabil.com\/bkp-word5569895254587\/pcwp\/wp-json\/wp\/v2\/pages\/4346\/revisions"}],"wp:attachment":[{"href":"https:\/\/potenciacontabil.com\/bkp-word5569895254587\/pcwp\/wp-json\/wp\/v2\/media?parent=4346"}],"curies":[{"name":"wp","href":"https:\/\/api.w.org\/{rel}","templated":true}]}}